= -4257. Is g composite?
False
Suppose -3109 = -x + 5*y, -4*x - 3*y + 12436 = -0*x. Is x a composite number?
False
Is ((-21980)/(-10))/(3 - (1 - 0)) a composite number?
True
Suppose 5*a = 2*n - 43, -n - 5*a = -0*a - 14. Is n composite?
False
Suppose n = -2*n + 3. Let i be 1 - 1*(n + -1). Suppose -5*y = -116 + i. Is y prime?
True
Let a be 9/(3/42*3). Suppose -4*u - 144 = -4*x, 3*x + u - 62 - a = 0. Is x composite?
True
Let p(w) be the third derivative of -3*w**2 + 11/60*w**5 - 3/8*w**4 + 0 + 0*w - 1/120*w**6 + 5/3*w**3. Is p(9) a composite number?
True
Suppose -144 = -2*i - 2*i. Suppose -h = 1 - i. Is h prime?
False
Suppose 4*m - 5*q - 20 = -3*q, -m = 2*q - 5. Suppose 5*a = -4*b + 14, b = m*a + 4*b - 13. Is -2*a/4*-11 a prime number?
True
Let u be 4/2*(-14)/28. Is 345/5 + u*2 a composite number?
False
Let h(r) = -89*r - 4. Is h(-3) composite?
False
Suppose 6 = 7*j - 5*j. Suppose 2*k = j*k - 127. Is k composite?
False
Let f(b) = 4*b**3 - 2*b**2 - 11*b + 13. Let u(m) = 5*m**3 - m**2 - 11*m + 14. Let x(h) = 4*f(h) - 3*u(h). Is x(7) prime?
True
Suppose p + 7 = 3*q, 4*q - 18 = -0*q - 3*p. Is (33/12)/(q/36) a prime number?
False
Suppose 2*o + 20 = 7*o. Suppose -58 = -y - s, -237 = -4*y - o*s - s. Is y prime?
True
Let p(t) = t**3 + 7*t**2 + 6*t + 2. Let y be p(-6). Suppose 5 = y*l - 3. Suppose -l*w = -164 + 8. Is w prime?
False
Suppose -2*r = 2*l - 5*r - 16, 5*l = 5*r + 30. Suppose -6*s = -l*s - 16. Suppose 5*v - s*g - 157 = 6, 0 = -3*v + 2*g + 97. Is v a composite number?
False
Let m(d) = 61*d + 2. Let y be m(5). Suppose o + y = 5*s - 3514, 2*o = -2. Suppose -8*a + s = -4*a. Is a composite?
False
Suppose -2*p - a = -154, p + 4*a = -p + 166. Let c = p + -4. Is c a composite number?
False
Let y(l) = -41*l**3 - 3*l**2 + l + 3. Is y(-2) composite?
False
Suppose -2*c = 2*c - 128. Suppose 0 = -2*k + k. Suppose y - 5*m = c, k*y = y + 4*m - 77. Is y a prime number?
False
Let p(d) = d**2 + 4*d - 5. Let x be p(-5). Let m be (x - 2220)/(4/(-6)). Is m/42 - 2/7 a prime number?
True
Suppose -k + 41451 = 3*k - 3*x, -2*k + 20720 = 4*x. Is k/78 + (-4)/(-26) prime?
False
Let x(i) = -4*i - 5. Let k be x(-4). Suppose 16 = 4*y - 0. Suppose y*r = 29 + k. Is r prime?
False
Let z = -1 - -2. Let w be ((-2 + 0)/2)/z. Is (-28)/8*2/w composite?
False
Suppose 2*t - 22 = -2*c, -c = t + t - 26. Let y be (-162)/t*10/(-3). Suppose -3*f - y = -2*u - f, u = 4*f + 15. Is u a composite number?
False
Is 1*(-354)/(-4) + (-2)/(-4) a prime number?
True
Let o(v) = 4*v - 1. Let z(c) be the second derivative of c**3/3 - 2*c**2 - 2*c. Let u be z(3). Is o(u) prime?
True
Let f(n) = 4*n + 1. Let j(q) = q**2 - 7*q - 5. Let i be j(8). Is f(i) composite?
False
Suppose -3*s = -5*s + 32. Suppose v - 145 = -3*a, s = 4*v - 0. Suppose 0 = -4*d - a + 363. Is d prime?
True
Suppose -6 = 2*f, 5*r = -2*f - 3*f - 15. Let o(g) = 2*g - 3. Let m be o(3). Suppose m*w - 111 = -r*w. Is w a composite number?
False
Suppose 23 + 71 = n. Is n composite?
True
Is ((-8)/24)/(1/(-633)) a prime number?
True
Suppose 0*v - 4*c - 21 = -3*v, -v - c = 0. Suppose -v*x + 168 + 84 = 0. Suppose 3*f + f = x. Is f a composite number?
True
Let m(a) = -2*a**2 - 6 + 3*a**2 - 4*a + 0*a**2. Let l be m(8). Suppose 3*v = -2*c + l - 0, -3*c - v = -53. Is c composite?
False
Let c(n) = 39*n**2 + 1. Is c(-2) prime?
True
Suppose -3*f + 11 = -1. Let l(d) = 6*d**2 + 1 - 4*d**3 + 7*d + f + 5*d**3. Is l(-4) composite?
True
Suppose -4*y - 298 = -42. Let a = -43 - y. Is (0/1 + 1)*a a composite number?
True
Suppose 5*m + 2*a = 26, -3*m + a = -3*a. Suppose 0 = 2*i - m*i + 8. Suppose 4*d - 3*b - 318 = 2*b, 306 = i*d + b. Is d a composite number?
True
Let x(v) = 2*v**3 - 11*v**2 + 11*v - 4. Let w be x(8). Let q = 615 - w. Is q a prime number?
True
Let j be 36/2 - 18/(-6). Suppose 0 = -4*z + f + j + 608, 3*f + 788 = 5*z. Is z a prime number?
True
Is (-7728)/(-63) + (-2)/(-6) a prime number?
False
Suppose 0 = -y + 2*j - 8, -5*y - 8*j = -4*j - 16. Suppose y = -5*l - 3*i + 156, -4*l + 147 = -4*i - i. Is l a composite number?
True
Suppose 0 = -3*h - 2*q + 3463, -464 = -3*h + q + 3011. Is h a composite number?
True
Suppose 0 = -2*o - 5*p + 12, o + 5*p + 8 = 24. Let g be 2/4 - o/(-8). Is -2 + (g - 0) + 35 prime?
False
Suppose 2 = -2*j, -2*y + 996 = 3*j + 105. Suppose 4*g - g - y = 0. Is g a prime number?
True
Suppose -2*f + 12 = -4*u - 6, 4*u + 15 = f. Suppose 12 = -4*y, 2*m - 2*y = -f*y + 4099. Is m composite?
True
Suppose 0 = d + 2*d + 5*b - 180, -300 = -5*d + 3*b. Let j be (-23)/(3*(-2)/(-6)). Let g = d + j. Is g a composite number?
False
Suppose 0*k - r - 426 = -2*k, -5*r - 426 = -2*k. Is k a composite number?
True
Let y = 1351 - 906. Is y composite?
True
Let h(c) be the first derivative of c**4/4 + 3*c**3 + 3*c**2 + 5*c - 3. Let d be h(-8). Is 164*(-3 - d/(-6)) prime?
False
Let y(t) be the third derivative of t**5/30 - 5*t**4/24 + t**3/3 + t**2. Let u be y(3). Suppose -u*v - 93 = -338. Is v composite?
True
Suppose -2*q + 2*x = 3*q + 26, 4*x = q - 2. Let m(s) = s + 4. Let b be m(q). Let y(u) = 17*u**2 + 2*u + 3. Is y(b) a composite number?
False
Let d(u) = 1. Let i(q) = 47*q + 8. Let p = 7 - 4. Let w(j) = p*d(j) - i(j). Is w(-8) a composite number?
True
Let a(w) = 2*w**2 + 9*w + 11. Is a(8) a prime number?
True
Suppose 2*z - q + 2 = -2*q, 0 = -5*z - 4*q - 8. Let c = z + 10. Is c composite?
True
Let q = -24 + 72. Let w(z) = z + 11. Let u be w(-8). Let v = u + q. Is v prime?
False
Suppose -2*t + 11 - 27 = 0. Let m = 11 + t. Suppose 0*b + 7 = b + i, -m*i = -4*b - 7. Is b composite?
False
Suppose 0*i - g - 1097 = -i, -2190 = -2*i + 4*g. Is i a composite number?
True
Let v = 4 - 1. Suppose 3*u = v*y - 75, 7*y + 2*u - 104 = 2*y. Is y a prime number?
False
Let z = -1 + 13. Suppose 2*t + 2*t - z = 0. Is 64 - (-1)/(t/3) composite?
True
Let l be (-714)/(-10) - (-18)/(-45). Suppose -3*k + 510 = 2*k. Let m = k - l. Is m composite?
False
Suppose -3*l + 3 = 0, -2*d + 2*l = -5*d + 209. Suppose -5*u = k - 153, 0*u - 3*k = 2*u - d. Let w = 83 - u. Is w a composite number?
False
Let x be 1*-2*1 - -6. Suppose -3 = -4*g + c, -x*g + 3*c - 1 = -2. Is (90 - g)*(3 + -2) composite?
False
Suppose 3*j - 30 = -5*t, 3*t + 0*t = -j + 6. Suppose 3*r - j = 0, 3*a + r - 350 = 432. Is a a composite number?
True
Let n(z) = 7*z**3 + z**2 - z + 1. Let x be n(1). Let u = x - 3. Suppose -u*a - 3*d + 370 = 0, 0*a - 4*a = d - 296. Is a composite?
True
Suppose 3*y - 107 = -5*p, 24 = 2*y - 4*p - 18. Let z = 8 - 4. Suppose -4*m + 112 + 26 = 5*g, m + z*g - y = 0. Is m prime?
True
Let t(n) = -143*n**3 - 4*n**2 - 5*n - 5. Is t(-2) prime?
False
Suppose 5*l = 931 + 449. Suppose -4*t + l = -0*t. Is t composite?
True
Suppose -26*m + 15*m + 161689 = 0. Is m a composite number?
False
Let a(h) = h - 1. Let b be a(2). Let z(g) = g**3 + 2*g**2 - 1. Let y be z(b). Suppose 441 = y*i - 5. Is i prime?
True
Let p be (-60)/(-9) + (-12)/(-9). Let c(r) = 7*r - 19. Is c(p) a prime number?
True
Suppose 5*y - 4*y = 1. Let f = 1 - y. Suppose -r + 5*r - 5*b = 194, -r - 4*b + 38 = f. Is r composite?
True
Suppose 2*r = 4*r - 2810. Is r prime?
False
Let p be -1 + (-1)/(-1)*-6. Let k = 33 + p. Is k a composite number?
True
Let u = -53 + -13. Let t = -117 - u. Let a = 62 - t. Is a prime?
True
Let p(y) = 6*y**2 + 2*y - 5. Suppose -2*o = -0*o + 8. Is p(o) prime?
True
Let x(k) = 3*k**3 + 2*k**2 - 3*k + 5. Let z(i) = 7*i**3 + 5*i**2 - 5*i + 11. Let q = -9 - -7. Let n(b) = q*z(b) + 5*x(b). Is n(3) a composite number?
True
Let i = -14 + 7. Let g = i - -13. Suppose -g*j + 10 = -2*l - 2*j, -12 = -3*j. Is l prime?
True
Let i(a) = 3*a**2 - 8*a - 2. Let t be i(9). Suppose 0 = -2*h - 5*f - t, h + 174 - 62 = 3*f. Let o = h + 164. Is o prime?
True
Let a(w) = 13*w + 6. Is a(4) composite?
True
Suppose 5*f - v = -2*v + 28740, 4*f + v - 22993 = 0. Is f a composite number?
True
Suppose 2*b + 5*f - 295 = -3*b, -5*b + 2*f + 316 = 0. Is b prime?
False
Suppose 0 = -2*m + 4*i - 18, -3*i + 3 = -m - 10. Let x = m - -66. Is x prime?
False
Is 3 - (288/(-120))/((-6)/(-380)) a prime number?
False
Let h = 1947 - 904. Is h a prime number?
False
Suppose 0 = 17*h - 21*h + 1968. Suppose -h = 2*x - 6*x. Is x prime?
False
Let t(q) = 4*q - 2. Let a be t(3). Let c(p) = -p**3 + 11*p**2 + 3*p + 3. Is c(a) a composite number?
True
Suppose -1604 = -2*u + 4*l - 2*l, -4*u 